{"id":188,"date":"2017-04-04T09:10:55","date_gmt":"2017-04-04T09:10:55","guid":{"rendered":"http:\/\/demoapus-wp.com\/trucking\/?page_id=188"},"modified":"2020-06-11T02:52:54","modified_gmt":"2020-06-11T00:52:54","slug":"about","status":"publish","type":"page","link":"https:\/\/transportesmajagua.com\/index.php\/about\/","title":{"rendered":"Somos Transportes Majagua"},"content":{"rendered":"<p><section class=\"kc-elm kc-css-676878 kc_row\"><div class=\"kc-row-container  kc-container\"><div class=\"kc-wrap-columns\"><div class=\"kc-elm kc-css-742065 kc_col-sm-12 kc_column kc_col-sm-12\"><div class=\"kc-col-container\"><div class=\"widget-heading-title line-center\">\n\t\t<h3 class=\"title\">\n\t\t\t\t\t\tNUESTRA EMPRESA\t<\/h3>\n<\/div><\/div><\/div><\/div><\/div><\/section><section class=\"kc-elm kc-css-877212 kc_row\"><div class=\"kc-row-container  kc-container\"><div class=\"kc-wrap-columns\"><div class=\"kc-elm kc-css-743881 kc_col-sm-12 kc_column kc_col-sm-12\"><div class=\"kc-col-container\"><div id=\" \" class=\"kc-elm kc-css-131688 kc_row kc_row_inner\"><div class=\"kc-elm kc-css-742067 kc_col-sm-4 kc_column_inner kc_col-sm-4\"><div class=\"kc_wrapper kc-col-inner-container\">\n<div class=\"kc-elm kc-css-314117 kc-title-wrap \">\n\n\t<h1 class=\"kc_title\">MISI\u00d3N<\/h1>\n<\/div>\n<div class=\"kc-elm kc-css-215736 kc_text_block\"><\/p>\n<p><strong>Prestar servicios de transporte publico terrestre automotor especial en el \u00e1rea empresarial, escolar, tur\u00edstica y complementaria, mediante un moderno, tecnol\u00f3gico e innovador parque automotor donde la seguridad cumple con los requisitos exigidos por el ministerio de transporte, logrando brindarle confort, un servicio de alta calidad y satisfacci\u00f3n a nuestros usuarios. <\/strong><\/p>\n<p>\n<\/div><\/div><\/div><div class=\"kc-elm kc-css-310421 kc_col-sm-4 kc_column_inner kc_col-sm-4\"><div class=\"kc_wrapper kc-col-inner-container\">\n<div class=\"kc-elm kc-css-748485 kc-title-wrap \">\n\n\t<h1 class=\"kc_title\">VISI\u00d3N<\/h1>\n<\/div>\n<div class=\"kc-elm kc-css-694275 kc_text_block\"><\/p>\n<p><strong>Nos proyectamos a ser una empresa reconocida a nivel nacional en la prestaci\u00f3n de servicios de transporte publico terrestre automotor especial mediante el compromiso, innovaci\u00f3n seguridad y excelencia tanto en el servicio como en la calidad del personal humano con el que contamos en nuestra compa\u00f1\u00eda en busca del mejoramiento continuo y el posicionamiento del mercado.<\/strong><\/p>\n<p>\n<\/div><\/div><\/div><div class=\"kc-elm kc-css-957504 kc_col-sm-4 kc_column_inner kc_col-sm-4\"><div class=\"kc_wrapper kc-col-inner-container\">\n<div class=\"kc-elm kc-css-453164 kc-title-wrap \">\n\n\t<h1 class=\"kc_title\">POL\u00cdTICA INSTITUCIONAL<\/h1>\n<\/div>\n<div class=\"kc-elm kc-css-97979 kc_text_block\"><\/p>\n<p><strong>Transporte especial TRANSPORTES MAJAGUA S.A.S. \u00a0siendo una empresa del sector transporte se compromete a la gesti\u00f3n integral frente acciones encaminadas a la seguridad vial, la prevenci\u00f3n de accidentes e incidentes de tr\u00e1nsito y el compromiso directo con las partes interesas y\/o nuestros clientes, a trav\u00e9s de un sistema estrat\u00e9gico que cuenta con el compromiso de la alta gerencia y el cumplimiento de los requisitos legales, basado en la mejora continua. <\/strong><\/p>\n<p>\n<\/div><\/div><\/div><\/div><div id=\" \" class=\"kc-elm kc-css-706791 kc_row kc_row_inner\"><div class=\"kc-elm kc-css-988021 kc_col-sm-12 kc_column_inner kc_col-sm-12\"><div class=\"kc_wrapper kc-col-inner-container\"><div class=\"kc-elm kc-css-553116 kc_text_block\"><\/p>\n<p><strong>Transportes majagua s.a.s. est\u00e1 comprometida en buscar la mejora de la calidad de vida de nuestros trabajadores, sus familias y nuestros grupos de inter\u00e9s con la participaci\u00f3n del estado, aportamos al mejoramiento continuo de las comunidades donde nos encontramos instalados.<\/strong><\/p>\n<p>\n<\/div><\/div><\/div><\/div><\/div><\/div><\/div><\/div><\/section><section class=\"kc-elm kc-css-752226 kc_row\"><div class=\"kc-row-container  kc-container\"><div class=\"kc-wrap-columns\"><div class=\"kc-elm kc-css-906137 kc_col-sm-12 kc_column kc_col-sm-12\"><div class=\"kc-col-container\"><div class=\"kc-elm kc-css-262049 kc_shortcode kc_single_image\">\n\n        <img src=\"https:\/\/transportesmajagua.com\/wp-content\/uploads\/2020\/06\/FIRMA-IVAN-DAVID-300x151.png\" class=\"\" alt=\"\" \/>    <\/div>\n<\/div><\/div><\/div><\/div><\/section><section class=\"kc-elm kc-css-358464 kc_row\"><div class=\"kc-row-container  kc-container\"><div class=\"kc-wrap-columns\"><div class=\"kc-elm kc-css-192229 kc_col-sm-6 kc_column kc_col-sm-6\"><div class=\"kc-col-container\"><div class=\"widget-heading-title style_5\">\n\t\t<h3 class=\"title\">\n\t\t\t\t\t\tTRANSPORTES MAJAGUA SAS\t<\/h3>\n<\/div><div class=\"kc-elm kc-css-189660\">\n\t<div class=\"kc-carousel_images kc-elm kc-css-189660\">\n\t\n\t\t<div class=\"kc-carousel-images owl-carousel-images kc-sync1 \" data-owl-i-options='{\"items\":\"1\",\"tablet\":\"1\",\"mobile\":\"1\",\"speed\":\"500\",\"navigation\":\"\",\"pagination\":\"\",\"autoheight\":\"\",\"progressbar\":\"\",\"delay\":\"8\",\"autoplay\":\"\",\"showthumb\":\"\",\"num_thumb\":\"5\"}'>\n\t\n\t\t\t\t\t<div class=\"item\">\n\t\n\t\t\t\t\t\t\t<img src=\"https:\/\/transportesmajagua.com\/wp-content\/uploads\/2020\/06\/IMG-20190216-WA0327.jpg\"  alt=\"\"\/>\n\t\n\t\t\t\t\n\t\t\t<\/div>\n\t\n\t\t\t\t\t<div class=\"item\">\n\t\n\t\t\t\t\t\t\t<img src=\"https:\/\/transportesmajagua.com\/wp-content\/uploads\/2020\/06\/IMG-20190515-WA0012.jpg\"  alt=\"\"\/>\n\t\n\t\t\t\t\n\t\t\t<\/div>\n\t\n\t\t\t\t\t<div class=\"item\">\n\t\n\t\t\t\t\t\t\t<img src=\"https:\/\/transportesmajagua.com\/wp-content\/uploads\/2020\/06\/IMG-20190926-WA0071.jpg\"  alt=\"\"\/>\n\t\n\t\t\t\t\n\t\t\t<\/div>\n\t\n\t\t\t\t\t<div class=\"item\">\n\t\n\t\t\t\t\t\t\t<img src=\"https:\/\/transportesmajagua.com\/wp-content\/uploads\/2020\/06\/NISSAN-4X4-DIESEL-2020.jpg\"  alt=\"\"\/>\n\t\n\t\t\t\t\n\t\t\t<\/div>\n\t\n\t\t\t\t\t<div class=\"item\">\n\t\n\t\t\t\t\t\t\t<img src=\"https:\/\/transportesmajagua.com\/wp-content\/uploads\/2020\/06\/20200517_152029.jpg\"  alt=\"\"\/>\n\t\n\t\t\t\t\n\t\t\t<\/div>\n\t\n\t\t\t\t\t<div class=\"item\">\n\t\n\t\t\t\t\t\t\t<img src=\"https:\/\/transportesmajagua.com\/wp-content\/uploads\/2020\/06\/20200419_220744-scaled.jpg\"  alt=\"\"\/>\n\t\n\t\t\t\t\n\t\t\t<\/div>\n\t\n\t\t\t\t\t<div class=\"item\">\n\t\n\t\t\t\t\t\t\t<img src=\"https:\/\/transportesmajagua.com\/wp-content\/uploads\/2020\/06\/TOYOTA-4X4-DIESEL-2020.jpg\"  alt=\"\"\/>\n\t\n\t\t\t\t\n\t\t\t<\/div>\n\t\n\t\t\t\n\t\t<\/div>\n\t\n\t\t\t<\/div>\n<\/div>\n<div class=\"kc-elm kc-css-30000 kc_text_block\"><\/p>\n<p><strong>Transportes majagua s.a.s., est\u00e1 comprometida con el mejoramiento continuo de procesos, a trav\u00e9s de objetivos estrat\u00e9gicos enfocados en la prestaci\u00f3n de servicios con altos est\u00e1ndares de calidad y que cumplan con la misi\u00f3n de la empresa, que permita la interacci\u00f3n con sus grupos de inter\u00e9s.<\/strong><\/p>\n<p><strong>Son objetivos estrat\u00e9gicos:<\/strong><\/p>\n<p>\n<\/div><\/div><\/div><div class=\"kc-elm kc-css-252844 kc_col-sm-6 kc_column kc_col-sm-6\"><div class=\"kc-col-container\"><div class=\"widget-heading-title style_5\">\n\t\t<h3 class=\"title\">\n\t\t\t\t\t\tQUESTIONS (FAQ\u2019S)\t<\/h3>\n<\/div><div class=\"kc-elm kc-css-118670 kc_accordion_wrapper\">\n<div class=\"kc-elm kc-css-385208 kc_accordion_section group \"><h3 class=\"kc_accordion_header ui-accordion-header\"><span class=\"ui-accordion-header-icon ui-icon\"><\/span><a href=\"#incrementar-el-nivel-de-satisfaccion-de-los-clientes-internos-y-externos\" data-prevent=\"scroll\"><i class=\"\"><\/i> Incrementar el nivel de satisfacci\u00f3n de los clientes internos y externos.<\/a><\/h3><div class=\"kc_accordion_content ui-accordion-content kc_clearfix\"><div class=\"kc-panel-body\">Empty section. Edit page to add content here.<\/div><\/div><\/div><div class=\"kc-elm kc-css-49036 kc_accordion_section group \"><h3 class=\"kc_accordion_header ui-accordion-header\"><span class=\"ui-accordion-header-icon ui-icon\"><\/span><a href=\"#mantener-los-sistemas-de-gestion-de-la-compania\" data-prevent=\"scroll\"><i class=\"\"><\/i> Mantener los sistemas de gesti\u00f3n de la compa\u00f1\u00eda.<\/a><\/h3><div class=\"kc_accordion_content ui-accordion-content kc_clearfix\"><div class=\"kc-panel-body\">Empty section. Edit page to add content here.<\/div><\/div><\/div><div class=\"kc-elm kc-css-623920 kc_accordion_section group \"><h3 class=\"kc_accordion_header ui-accordion-header\"><span class=\"ui-accordion-header-icon ui-icon\"><\/span><a href=\"#contar-con-personal-idoneo-en-cada-area-de-trabajo\" data-prevent=\"scroll\"><i class=\"\"><\/i> Contar con personal id\u00f3neo en cada \u00e1rea de trabajo.<\/a><\/h3><div class=\"kc_accordion_content ui-accordion-content kc_clearfix\"><div class=\"kc-panel-body\">Empty section. Edit page to add content here.<\/div><\/div><\/div><div class=\"kc-elm kc-css-888356 kc_accordion_section group \"><h3 class=\"kc_accordion_header ui-accordion-header\"><span class=\"ui-accordion-header-icon ui-icon\"><\/span><a href=\"#mantener-la-matriz-legal-actualizada-cumpliendo-con-los-requisitos-identificados\" data-prevent=\"scroll\"><i class=\"\"><\/i> Mantener la matriz legal actualizada cumpliendo con los requisitos identificados.<\/a><\/h3><div class=\"kc_accordion_content ui-accordion-content kc_clearfix\"><div class=\"kc-panel-body\">Empty section. Edit page to add content here.<\/div><\/div><\/div><div class=\"kc-elm kc-css-377861 kc_accordion_section group \"><h3 class=\"kc_accordion_header ui-accordion-header\"><span class=\"ui-accordion-header-icon ui-icon\"><\/span><a href=\"#mantener-las-condiciones-de-seguridad-y-salud-en-el-trabajo-para-todo-el-cuerpo-de-colaboradores-de-la-compania\" data-prevent=\"scroll\"><i class=\"\"><\/i> Mantener las condiciones de seguridad y salud en el trabajo para todo el cuerpo de colaboradores de la compa\u00f1\u00eda.<\/a><\/h3><div class=\"kc_accordion_content ui-accordion-content kc_clearfix\"><div class=\"kc-panel-body\">Empty section. Edit page to add content here.<\/div><\/div><\/div><div class=\"kc-elm kc-css-556159 kc_accordion_section group \"><h3 class=\"kc_accordion_header ui-accordion-header\"><span class=\"ui-accordion-header-icon ui-icon\"><\/span><a href=\"#minimizar-el-impacto-de-las-operaciones-sobre-el-medio-ambiente\" data-prevent=\"scroll\"><i class=\"\"><\/i> Minimizar el impacto de las operaciones sobre el medio ambiente.<\/a><\/h3><div class=\"kc_accordion_content ui-accordion-content kc_clearfix\"><div class=\"kc-panel-body\">Empty section. Edit page to add content here.<\/div><\/div><\/div><div class=\"kc-elm kc-css-288874 kc_accordion_section group \"><h3 class=\"kc_accordion_header ui-accordion-header\"><span class=\"ui-accordion-header-icon ui-icon\"><\/span><a href=\"#asignar-los-recursos-necesarios-para-el-desempeno-del-sig\" data-prevent=\"scroll\"><i class=\"\"><\/i> Asignar los recursos necesarios para el desempe\u00f1o del SIG.<\/a><\/h3><div class=\"kc_accordion_content ui-accordion-content kc_clearfix\"><div class=\"kc-panel-body\">Empty section. Edit page to add content here.<\/div><\/div><\/div><\/div>\n<\/div><\/div><\/div><\/div><\/section><section class=\"kc-elm kc-css-809844 kc_row\"><div class=\"kc-row-container  kc-container\"><div class=\"kc-wrap-columns\"><div class=\"kc-elm kc-css-530266 kc_col-sm-12 kc_column kc_col-sm-12\"><div class=\"kc-col-container\">\n<div class=\"kc-elm kc-css-830286 kc-title-wrap \">\n\n\t<h1 class=\"kc_title\">NUESTRAS CERTIFICACIONES<\/h1>\n<\/div>\n<div class=\"kc-elm kc-css-469759\">\n\t<div class=\"kc-carousel_images kc-elm kc-css-469759\">\n\t\n\t\t<div class=\"kc-carousel-images owl-carousel-images kc-sync1 \" data-owl-i-options='{\"items\":\"3\",\"tablet\":\"2\",\"mobile\":\"1\",\"speed\":\"500\",\"navigation\":\"\",\"pagination\":\"yes\",\"autoheight\":\"\",\"progressbar\":\"\",\"delay\":\"8\",\"autoplay\":\"yes\",\"showthumb\":\"\",\"num_thumb\":\"5\"}'>\n\t\n\t\t\t\t\t<div class=\"item\">\n\t\n\t\t\t\t\t\t\t<img src=\"https:\/\/transportesmajagua.com\/wp-content\/uploads\/2020\/06\/iso-9001.fw_-1.png\"  alt=\"\"\/>\n\t\n\t\t\t\t\n\t\t\t<\/div>\n\t\n\t\t\t\t\t<div class=\"item\">\n\t\n\t\t\t\t\t\t\t<img src=\"https:\/\/transportesmajagua.com\/wp-content\/uploads\/2020\/06\/oshas-18001.fw_-1.png\"  alt=\"\"\/>\n\t\n\t\t\t\t\n\t\t\t<\/div>\n\t\n\t\t\t\t\t<div class=\"item\">\n\t\n\t\t\t\t\t\t\t<img src=\"https:\/\/transportesmajagua.com\/wp-content\/uploads\/2020\/06\/super-transportes.fw_-1.png\"  alt=\"\"\/>\n\t\n\t\t\t\t\n\t\t\t<\/div>\n\t\n\t\t\t\n\t\t<\/div>\n\t\n\t\t\t<\/div>\n<\/div>\n<\/div><\/div><\/div><\/div><\/section><\/p>\n","protected":false},"excerpt":{"rendered":"","protected":false},"author":1,"featured_media":0,"parent":0,"menu_order":0,"comment_status":"closed","ping_status":"closed","template":"","meta":[],"_links":{"self":[{"href":"https:\/\/transportesmajagua.com\/index.php\/wp-json\/wp\/v2\/pages\/188"}],"collection":[{"href":"https:\/\/transportesmajagua.com\/index.php\/wp-json\/wp\/v2\/pages"}],"about":[{"href":"https:\/\/transportesmajagua.com\/index.php\/wp-json\/wp\/v2\/types\/page"}],"author":[{"embeddable":true,"href":"https:\/\/transportesmajagua.com\/index.php\/wp-json\/wp\/v2\/users\/1"}],"replies":[{"embeddable":true,"href":"https:\/\/transportesmajagua.com\/index.php\/wp-json\/wp\/v2\/comments?post=188"}],"version-history":[{"count":0,"href":"https:\/\/transportesmajagua.com\/index.php\/wp-json\/wp\/v2\/pages\/188\/revisions"}],"wp:attachment":[{"href":"https:\/\/transportesmajagua.com\/index.php\/wp-json\/wp\/v2\/media?parent=188"}],"curies":[{"name":"wp","href":"https:\/\/api.w.org\/{rel}","templated":true}]}}